 of 2184257?
2184257
List the prime factors of 3261808.
2, 11, 43, 431
What are the prime factors of 5351741?
5351741
List the prime factors of 841268.
2, 210317
What are the prime factors of 455009?
23, 73, 271
List the prime factors of 380657.
380657
List the prime factors of 184279.
184279
List the prime factors of 2845937.
1049, 2713
What are the prime factors of 126694?
2, 63347
What are the prime factors of 207317?
11, 47, 401
List the prime factors of 257995.
5, 51599
List the prime factors of 589667.
13, 67, 677
What are the prime factors of 2844676?
2, 163, 4363
What are the prime factors of 13710783?
3, 23, 109, 1823
List the prime factors of 18040256.
2, 13, 21683
What are the prime factors of 6097645?
5, 17, 23, 3119
What are the prime factors of 495843?
3, 19, 8699
List the prime factors of 1832113.
19, 211, 457
List the prime factors of 647659.
647659
What are the prime factors of 68496?
2, 3, 1427
List the prime factors of 280062.
2, 3, 15559
List the prime factors of 1988517.
3, 662839
List the prime factors of 410932.
2, 19, 5407
List the prime factors of 11668519.
67, 174157
List the prime factors of 131669.
353, 373
What are the prime factors of 6574091?
269, 24439
List the prime factors of 4612.
2, 1153
List the prime factors of 8766955.
5, 31, 163, 347
List the prime factors of 2582629.
7, 368947
List the prime factors of 339636.
2, 3, 11, 31, 83
List the prime factors of 1440293.
1440293
What are the prime factors of 66006?
2, 3, 19, 193
List the prime factors of 1297947.
3, 7, 19, 3253
List the prime factors of 6510131.
6510131
What are the prime factors of 13732205?
5, 311, 8831
What are the prime factors of 529122?
2, 3, 11, 8017
What are the prime factors of 340484?
2, 85121
List the prime factors of 5036332.
2, 7, 43, 47, 89
What are the prime factors of 248763?
3, 101, 821
List the prime factors of 11163342.
2, 3, 97, 19181
List the prime factors of 3981298.
2, 17, 19, 6163
What are the prime factors of 532838?
2, 263, 1013
List the prime factors of 3022396.
2, 13, 17, 263
List the prime factors of 88365.
3, 5, 43, 137
List the prime factors of 103589.
71, 1459
List the prime factors of 2323389.
3, 774463
List the prime factors of 14032333.
7, 53, 109, 347
What are the prime factors of 36931525?
5, 739, 1999
What are the prime factors of 12913611?
3, 383, 11239
What are the prime factors of 4418044?
2, 1104511
What are the prime factors of 1190085?
3, 5, 13, 17, 359
What are the prime factors of 14301467?
53, 149, 1811
What are the prime factors of 5764115?
5, 7, 3361
List the prime factors of 7284659.
31, 234989
List the prime factors of 11702059.
11702059
List the prime factors of 128266.
2, 59, 1087
List the prime factors of 976285.
5, 29, 6733
List the prime factors of 111908.
2, 101, 277
List the prime factors of 361876.
2, 90469
List the prime factors of 2767377.
3, 41, 149, 151
List the prime factors of 2495784.
2, 3, 103991
List the prime factors of 586174.
2, 293087
What are the prime factors of 232105?
5, 61, 761
List the prime factors of 1929356.
2, 11, 13, 3373
List the prime factors of 112263.
3, 23, 1627
List the prime factors of 1095380.
2, 5, 11, 13, 383
List the prime factors of 5729201.
5729201
What are the prime factors of 26547?
3, 8849
List the prime factors of 516313.
7, 41, 257
What are the prime factors of 237474?
2, 3, 79, 167
What are the prime factors of 25790245?
5, 13, 23, 1327
What are the prime factors of 1161147?
3, 13, 19, 1567
What are the prime factors of 512048?
2, 32003
What are the prime factors of 2963261?
7, 423323
List the prime factors of 24165867.
3, 11, 732299
What are the prime factors of 6006032?
2, 17, 71, 311
What are the prime factors of 2337668?
2, 584417
What are the prime factors of 401789?
71, 5659
List the prime factors of 687166.
2, 343583
What are the prime factors of 3543798?
2, 3, 97, 6089
What are the prime factors of 4472024?
2, 433, 1291
What are the prime factors of 14637447?
3, 11, 147853
List the prime factors of 305569.
11, 27779
What are the prime factors of 5278750?
2, 5, 41, 103
List the prime factors of 1990835.
5, 7, 11, 5171
List the prime factors of 301428.
2, 3, 2791
List the prime factors of 2845509.
3, 29, 32707
List the prime factors of 9660902.
2, 31, 155821
What are the prime factors of 221534?
2, 257, 431
What are the prime factors of 54305?
5, 10861
What are the prime factors of 217727?
217727
List the prime factors of 243606.
2, 3, 11, 3691
What are the prime factors of 179101?
13, 23, 599
What are the prime factors of 158173?
61, 2593
What are the prime factors of 15318961?
7, 53, 157, 263
List the prime factors of 299049.
3, 83, 1201
What are the prime factors of 328463?
23, 14281
What are the prime factors of 10846636?
2, 829, 3271
What are the prime factors of 87745?
5, 7, 23, 109
What are the prime factors of 3026164?
2, 756541
List the prime factors of 2725997.
2725997
List the prime factors of 1400038.
2, 79, 8861
List the prime factors of 12153642.
2, 3, 53, 38219
List the prime factors of 124232.
2, 53, 293
What are the prime factors of 6374689?
6374689
What are the prime factors of 380463?
3, 31, 4091
What are the prime factors of 5139832?
2, 71, 9049
What are the prime factors of 142833?
3, 47, 1013
What are the prime factors of 10842716?
2, 2710679
What are the prime factors of 16167246?
2, 3, 2694541
What are the prime factors of 97436?
2, 24359
List the prime factors of 7283672.
2, 11, 37, 2237
List the prime factors of 3406017.
3, 1135339
List the prime factors of 3985670.
2, 5, 13, 23, 31, 43
What are the prime factors of 4308733?
11, 13, 29, 1039
What are the prime factors of 1288667?
23, 43, 1303
What are the prime factors of 1287096?
2, 3, 53629
What are the prime factors of 1170137?
1170137
List the prime factors of 936374.
2, 468187
List the prime factors of 5291484.
2, 3, 11, 40087
What are the prime factors of 25545753?
3, 349, 2711
List the prime factors of 1910453.
337, 5669
List the prime factors of 22006886.
2, 11, 1000313
What are the prime factors of 13234560?
2, 3, 5, 61, 113
What are the prime factors of 1351903?
7, 151, 1279
What are the prime factors of 2395463?
7, 19, 31, 83
What are the prime factors of 854404?
2, 23, 37, 251
What are the prime factors of 2348713?
2348713
What are the prime factors of 18326?
2, 7, 11, 17
What are the prime factors of 888023?
109, 8147
List the prime factors of 10565521.
10565521
What are the prime factors of 89054?
2, 7, 6361
List the prime factors of 417565.
5, 23, 3631
List the prime factors of 183242.
2, 91621
List the prime factors of 6021.
3, 223
List the prime factors of 186415.
5, 23, 1621
List the prime factors of 4432389.
3, 13, 29, 3919
What are the prime factors of 9318844?
2, 107, 21773
What are the prime factors of 444149?
503, 883
What are the prime factors of 13808391?
3, 4602797
What are the prime factors of 478173?
3, 19, 8389
What are the prime factors of 316677?
3, 283, 373
What are the prime factors of 351742?
2, 397, 443
List the prime factors of 25697334.
2, 3, 13, 107, 3079
What are the prime factors of 4863998?
2, 2431999
What are the prime factors of 513020?
2, 5, 113, 227
What are the prime factors of 827780?
2, 5, 41389
What are the prime factors of 110387?
167, 661
List the prime factors of 2325401.
13, 178877
List the prime factors of 235625.
5, 13, 29
What are the prime factors of 209532?
2, 3, 19, 919
List the prime factors of 763162.
2, 37, 10313
What are the prime factors of 470296?
2, 58787
What are the prime factors of 60126?
2, 3, 11, 911
List the prime factors of 439507.
23, 97, 197
What are the prime factors of 8029571?
11, 19, 103, 373
List the prime factors of 108889.
11, 19, 521
List the prime factors of 569291.
59, 9649
List the prime factors of 189322.
2, 7, 13523
List the prime factors of 5705808.
2, 3, 29, 4099
List the prime factors of 381177.
3, 41, 1033
What are the prime factors of 174371?
127, 1373
List the prime factors of 3333376.
2, 29, 449
List the prime factors of 9118175.
5, 11, 71, 467
List the prime factors of 1265970.
2, 3, 5, 19, 2221
What are the prime factors of 333798?
2, 3, 55633
What are the prime factors of 2687093?
2687093
List the prime factors of 469039.
23, 20393
What are the prime factors of 12